at is x(i)?
-7
Let a(t) = -32 - 23*t - 36 - 95511*t**2 + 95512*t**2. Calculate a(25).
-18
Let z(n) = -24*n + 14940 - n**3 - 14898 - 7*n**2 + 30*n**2. Calculate z(22).
-2
Let c(v) = 52*v - 6. Let o(p) = 8*p - 2. Let r(s) = c(s) - 6*o(s). Calculate r(3).
18
Let i(b) be the second derivative of b**3/2 + 23*b**2/2 + 656*b. Determine i(-6).
5
Suppose c - 5*j = 12, -4*j = -2*j + 4. Suppose -5*z + 2 = h, 2*z - 2 = c*h - 6. Let s(m) = -m + 2*m**2 - m**2 + 0*m**2 + 2. Determine s(h).
4
Let q be -2 + -1 + 3/3. Suppose 34 = 4*l + w, -l + w + 9 = 3. Let i(a) = 0*a**2 - l*a**2 - 3*a - 1 + 4*a**2. Give i(q).
-11
Let u(a) = -108*a**3 + 5*a**2 - 12*a + 278*a**3 - 59*a**3 - 112*a**3 + 107. What is u(6)?
-1
Let u(i) = -2*i**3 - i**2 + 4*i - 2. Let r(y) = 9*y**3 + 11*y**2 - 10*y + 17. Let h(z) = -r(z) - 4*u(z). Let f = -5 + -1. Give h(f).
-9
Let r(f) = -5*f**2 - 48*f - 21. Let y be r(-9). Let v(w) = 3*w + 5595 - 5*w**2 + y*w**2 - 5602. Give v(-6).
11
Let r(g) be the first derivative of g**4/4 - 3*g**3 + 21*g**2/2 - 12137. Determine r(5).
5
Let d(t) be the third derivative of 13/60*t**5 + 5/2*t**3 - 1/120*t**6 - 50*t**2 + 0*t - 13/24*t**4 + 0. Determine d(12).
3
Let a(w) = -46*w**3 + 31*w**2 + 36. Let i(q) = -9*q**3 + 6*q**2 + 7. Let x(j) = 3*a(j) - 16*i(j). Give x(2).
32
Let r(z) = -z**3 - z**2 + z. Suppose 5*a = -3*o + 25, -2*o + 22 = -0*o + 2*a. Let l = -13 + o. Determine r(l).
-10
Let u(r) = 8*r - 10. Let f = -26581 + 26596. Calculate u(f).
110
Let v(m) be the first derivative of 2/3*m**3 - 49 - 1/2*m**2 + 0*m + 1/4*m**4. Calculate v(-3).
-6
Let j(w) = -2*w + 11. Suppose -17*a + 304 + 2 = 0. Suppose 6*g = 3*g - 6, 2*p - a = g. Calculate j(p).
-5
Let l(x) = x**2 - 17*x + 65. Let p(o) = o**3 - 12*o**2 + 23*o - 19. Let u be p(10). Determine l(u).
-1
Let j(r) be the third derivative of -r**6/60 - r**5/20 + r**4/24 + 2*r**3/3 + 157*r**2. What is j(-4)?
80
Suppose -m = -38*m - 386 - 206. Let s(j) = -j**3 - 16*j**2 + 4*j - 23. Determine s(m).
-87
Let f(k) = k**3 + k**2 - 8*k + 12. Let c(s) = -s**2 + 101*s + 98. Let i be c(-1). What is f(i)?
-4
Let i = 924 + -914. Let s(c) be the third derivative of i*c**2 - 1/30*c**5 + 0*c + 5/24*c**4 + 0 - 1/120*c**6 - 1/2*c**3. Give s(-4).
9
Let c(o) = o**3 - 7*o**2 + 2*o + 2. Suppose -g - 6 = 109. Let p = -108 - g. What is c(p)?
16
Let k(x) = 42*x - 168*x + 56*x + 46*x + 40*x + 18. What is k(-2)?
-14
Let w(j) = j**2 + 23*j + 30. Suppose -6*q + 8*m - 6*m - 120 = 0, -2*q - 57 = 5*m. Determine w(q).
-12
Let k(q) = 22*q - 22*q + 756 + 13*q - 715. Give k(-5).
-24
Let d(n) = 2*n**2 - 2*n + 8. Let r be d(5). Suppose 2*l = -4*l + r. Let m(k) = k**3 - 7*k**2 - 8*k - 2. Give m(l).
-2
Suppose 27*j - 23*j = 8. Suppose j*p = o + 8, 0 = o + 2*o - 4*p + 18. Let u(z) be the first derivative of 2*z**3/3 + z**2 - z + 2. Determine u(o).
3
Let b(l) = -l**3 - 9*l**2 + 3*l + 29. Suppose 2*h + 35*h + 36*h = -657. Determine b(h).
2
Let t(m) be the third derivative of m**4 + 110*m**3/3 - 34*m**2 - 7. Give t(-9).
4
Let v(h) = h + 10. Let s be v(-7). Let c(b) = -187*b - 8 + b**2 + 3 + 5*b**3 + 161*b. Let u(k) = -k**3 + 5*k + 1. Let t(y) = 2*c(y) + 11*u(y). What is t(s)?
1
Let r(b) be the third derivative of 2*b**2 - 1/6*b**3 + 0 + 1/60*b**5 - 1/12*b**4 - 23*b. What is r(-1)?
2
Let a(k) = 5*k**3 - k**2 - k - 1. Let l be (5 + (-305)/10)*2. Let d = -50 - l. Let z be d/(-7) - (-5)/(105/(-18)). Give a(z).
-6
Let z(i) = 8*i**3 + 3*i**2 - 2*i. Let d(w) = 8*w**3 + 3*w**2 - w. Let o(f) = 4*d(f) - 3*z(f). What is o(-1)?
-7
Let o(q) = 5*q**2 + 5 - 5*q**2 + 910*q**3 - 14*q + 5*q**2 - 911*q**3 + 4*q**2. Give o(7).
5
Let q(b) = -b**3 - 22*b**2 + 24*b + 28. Let d be q(-23). Suppose d*n - 2*i + 10 = 0, n = -6*i + 11*i - 2. Let s(j) = -j**3 + 3*j + 2. What is s(n)?
4
Suppose -7*z + 429 + 54 = 0. Let q be (-3 - -1) + 6 - 2. Let w(x) = -z + 69 + 16*x - q*x. Calculate w(-1).
-14
Let p(g) = 1554 + 7*g + 30*g - 1372. Calculate p(-5).
-3
Let u(o) = -3*o**2 + 24*o - 23. Let h(p) = -3*p**2 - 3. Let w(y) = -2*h(y) + u(y). Give w(-8).
-17
Let p(u) be the first derivative of -6*u**2 - 44*u + 1437. Determine p(-4).
4
Let x(y) = -3*y + 8. Let u be x(-8). Let n(c) = -c + 32 - u - c. Suppose 9*m = 22*m - 39. Determine n(m).
-6
Let s be (-45 + 0)*21/(-35). Let r be -10*1 - (-81)/s. Let f(q) = q**3 + 6*q**2 - 6*q - 1. Determine f(r).
-8
Let m(n) = -41*n**2 - 6*n + 1. Let j(f) = -97*f**2 - 14*f + 2. Let p(u) = -3*j(u) + 7*m(u). Give p(-3).
37
Let k(q) = 2*q - 36. Let d = -2081 - -2092. Give k(d).
-14
Let v(k) = 30*k**2 - 12*k - 12. Let x be v(-4). Let b(z) = -x*z**2 + 515*z**2 + 3*z - 11 + 3*z. Calculate b(5).
-6
Let k be 4/(-6) + (-880)/99*6. Let f be 36/k*27/6. Let u(q) = -3*q - 3. Calculate u(f).
6
Let t be 5 + 2/((-240)/590). Let m(a) be the second derivative of 0 + a**3 + 5*a - t*a**4 + a**2. Determine m(5).
7
Let q(f) = -78 + 39 + 2*f**2 - 3*f**2 + 35 + 5*f. Let l = -658 - -665. Give q(l).
-18
Let j(a) = -8*a + 11. Let k be j(-7). Suppose -k*d = -64*d + 294. Let w = d + 101. Let q(m) = -m**2 + 1. Calculate q(w).
-8
Let p = -239 + 237. Let a(z) = -3*z**2 + 6*z - 2 + 2*z - 4*z - 6*z - 4*z**3. What is a(p)?
22
Let h(j) = j**2 - 25*j - 50. Let f be h(27). Suppose 0 = -9*r - 23 - f. Let x(i) = i**3 + 5*i**2 + 3*i. Give x(r).
9
Let m(h) = -h**3 + h**2 + 2*h - 3. Let y be m(0). Let k(f) = 2*f**2 + 2*f - 2. What is k(y)?
10
Let c(u) = -10*u - 88. Let y be c(-25). Let o = -161 + y. Let m(d) be the third derivative of d**6/30 - d**5/60 + d**4/12 - d**3/6 - 7*d**2. Determine m(o).
4
Let i be (1/3 + (-14 - (-342)/27))*-4. Let v(o) = o**3 - 7*o**2 + 8*o + 9. Calculate v(i).
-7
Let i be 50/(-75)*6/(-2). Let v(h) = 5*h**3 - 3 + 0*h**3 + 3*h**3 - 6*h**i + h - 9*h**3. Calculate v(-6).
-9
Let q(l) = l**3 - 5*l**2 - 2*l + 5. Let a(b) = 3*b**2 - 8*b - 16. Let c be a(-3). Suppose 4*r - 3*g - c = -10, 0 = -3*r - 4*g. Give q(r).
-19
Let o(w) be the third derivative of w**6/120 + 2*w**5/15 + 3*w**4/8 - w**3 - 61*w**2. Calculate o(-6).
12
Let q = -2090 - -2090. Let i(f) = -39*f**2 + 82*f**2 - 42*f**2 - 15 - 6. Give i(q).
-21
Let d(j) = j**2 + 8*j. Let y be d(-8). Let v(w) be the third derivative of 0 - 3*w**2 + 2*w - 1/24*w**4 + 2*w**3. Give v(y).
12
Let t be (-16)/72*6*(-6)/4. Suppose b = 5*b. Let w(d) = 0*d**2 + 0 + b + 3 + d**t + 3*d. Determine w(-3).
3
Let a(l) = 17*l**2 + 80*l - 38. Let j(d) = -10*d**2 - 48*d + 23. Let h(s) = -7*a(s) - 12*j(s). Determine h(-17).
7
Suppose -28*a + 693 = -147. Suppose 10 = -5*b + a. Let w(u) = u**3 - 6*u**2 + 6*u - 4. Determine w(b).
-12
Let u = -13 + 15. Suppose -u*s = s - 9. Let h(m) = 5*m**3 - 15*m**2 - 3*m - 4. Let w(v) = 6*v**3 - 18*v**2 - 3*v - 5. Let x(y) = 5*h(y) - 4*w(y). Give x(s).
-9
Let i(x) be the second derivative of x**5/20 - x**4/3 + x**3/2 - 2*x**2 + 148*x - 10. Let k(n) = 2*n - 7. Let v be k(5). What is i(v)?
-4
Let b(z) = z**3 + z**2 - 18*z + 7. Let c(y) = 3*y**3 + 3*y**2 - 56*y + 22. Let f(m) = -19*b(m) + 6*c(m). Calculate f(-4).
23
Let b(y) = 12 + 5*y - 10*y + 4*y + 6*y. Let u(l) = l + 3. Let r(d) = 2*b(d) - 9*u(d). Let i be r(7). Let q(t) = -t**3 + 3*t**2 + 4*t + 2. Give q(i).
2
Let r(g) = -2*g - 1. Suppose d + 1360 = -4*d. Let b = d - -263. Give r(b).
17
Suppose -2 = -4*p - 6, 2*w = 2*p - 8. Let c(h) be the third derivative of 0*h**3 - 1/60*h**5 + 0*h - 5/24*h**4 - 10*h**2 + 0. Determine c(w).
0
Let j(c) = -2*c - 3. Let y(z) = -z + 1. Let p be y(-4). Let w = -2461 - -2474. Suppose p = 4*f + w. What is j(f)?
1
Let b(v) = 72*v - 65 - 104*v + 2 - v**2. Give b(-30).
-3
Let d be (-4 - (-2 + -2)) + -3. Let l(v) be the first derivative of v**3/3 + 4*v**2 + 2*v + 22. Determine l(d).
-13
Let b(y) = -2303 + 1081 + 751 + 155*y. Determine b(3).
-6
Let j(q) = -6 + 7*q**2 + 1070*q**3 + 1021*q**3 - 2089*q**3. Calculate j(-5).
-81
Let z(t) = -4*t - 11. Let o(h) = 4*h**3 - 2*h**2 - 25*h - 5. Let v(l) = l**2 - 4*l - 1. Let w(p) = o(p) - 5*v(p). Let u be w(-1). Calculate z(u).
13
Let y(d) = d**2 + d - 1. Let c(s) = 3*s**2 + 14*s + 7. Let x(v) = -c(v) + 2*y(v). Let h = -283 - -273. Determine x(h).
11
Let i be ((-282)/1269)/((-2)/18). Let t(a) be the first derivative of -1/2*a**i - 3*a + 16. Calculate t(-7).
4
Let a = -480 - -477. Suppose -o + 2 + 2 = 0. Let q(j) = 2*j**3 - o*j**2 - 2*j**3 + 2 + 2*j - j - j**3. Calculate q(a).
-10
Let k(n) = -n**2 - 6*n + 4. Let o(l